175 = 0. Calculate the highest common divisor of 578 and f.
34
Suppose 0 = 20*c - 1150 - 1790. Calculate the greatest common factor of 147 and c.
147
Let h(g) = -g**3 + 23*g**2 + 5*g - 37. Let j be h(7). What is the greatest common factor of 92 and j?
46
Let v(x) = x**3 + 11*x**2 + 21*x - 1. Let u be v(-8). Calculate the highest common divisor of 1 and u.
1
Let z = 1913 + -1853. What is the highest common factor of z and 32?
4
Let a be ((-8)/2)/(-2*1). Suppose a*l = -0*l + 340. Suppose -5*q + 850 - l = 0. Calculate the highest common divisor of q and 17.
17
Suppose -4*d + 3*q + 3 - 7 = 0, 4*d - 2*q = -8. Let m be (d/(-5))/((-1)/(-10)). Let a = -15016 + 15024. Calculate the greatest common factor of a and m.
8
Suppose 4*h - 2*b = 682, -5*h + 6*h - 172 = -b. What is the highest common divisor of 19 and h?
19
Let n = 15 + -8. Let w be 1/(-2) + n/2. Suppose -4*m = 3*z - 87, z + 18 = 2*z + 5*m. What is the greatest common factor of w and z?
3
Suppose 5*w - 93 - 367 = -k, -5*k + w + 2404 = 0. What is the greatest common divisor of k and 135?
15
Let v(f) = 33*f + 135. Let l be v(5). What is the greatest common factor of 225 and l?
75
Let u = -12 + 112. Calculate the greatest common divisor of 125 and u.
25
Let r = -909 - -1004. Calculate the highest common divisor of 1216 and r.
19
Suppose -2*q = -18 + 4. Suppose 50 = 4*o - m, 7*o - m + 10 = 8*o. Let z = q + o. What is the highest common factor of z and 19?
19
Let t = -34 + 38. Suppose -t*u + 34 + 22 = 0. Calculate the highest common factor of u and 28.
14
Let d = -2 + 20. Suppose 3*o - 7*o - 5*a + 817 = 0, -o + 188 = -2*a. What is the greatest common divisor of o and d?
18
Suppose 0 = 5*u - 4*j - 72, -u + j = -4*j - 6. Suppose -u - 128 = -m. Calculate the highest common factor of m and 16.
16
Suppose 5*h + 6*t - 75 = 11*t, 3*h = -4*t + 38. Let w = 6 + 8. Calculate the greatest common factor of h and w.
14
Let z = 21 + -19. Let y be 5*5/(3 + z). Suppose 584 - 72 = 5*v + 4*l, y*v = 5*l + 485. Calculate the highest common divisor of 25 and v.
25
Suppose -3*x - k + 12 = 0, -5*x = -3*x - 2*k. Suppose -x*d - 8 = -68. What is the greatest common divisor of 50 and d?
10
Let z = 54 - 24. Suppose -2*q + 61 = 3*n - 15, n - z = -3*q. What is the highest common factor of n and 3?
3
Let l(o) = 48 - 34 + 37 + 2*o. Let y be l(-22). Calculate the greatest common divisor of 7 and y.
7
Let m = -133 + 144. Calculate the greatest common divisor of 979 and m.
11
Let n be (-13552)/(-280) - 4/10. What is the highest common divisor of n and 432?
48
Let k(j) = j**2 + 39*j. Let y be k(43). What is the highest common divisor of y and 86?
86
Let p be 3*2/6 + 2. Let l = 16 - 18. Let s be -5 + p - (l + -28). What is the highest common divisor of s and 14?
14
Let b be (0 + 1)*(-5)/((-5)/19). Let m(r) = 2*r - 29. Let q be m(b). What is the greatest common factor of q and 12?
3
Let x be (3 + -5)*2 + 8. Suppose 28 = x*w - 4*q, -3*w = -0*w + 3*q - 3. Suppose 6*h = w*h + 16. What is the highest common divisor of h and 20?
4
Let l be 192/(-432) + (-2906)/(-18). What is the highest common divisor of l and 7?
7
Let u(c) = c**3 - c**2 + c. Let m be u(2). Let g(a) = a**3 - 7*a + 6*a - 13 - 6*a**2 + 25. Let w be g(6). What is the greatest common divisor of w and m?
6
Suppose -11*q = -10*q - 2*m - 37, 2*q + 5*m = 47. What is the greatest common factor of 589 and q?
31
Let j(k) = -k**2 + 3*k + 1533. Let i be j(-36). Suppose 2*t - 10 = 162. Calculate the highest common factor of i and t.
43
Let v = 698 + -582. What is the greatest common divisor of 4 and v?
4
Suppose -2*b + 178 = o, b - 66 = 5*o + 34. What is the greatest common factor of 45 and b?
45
Let f(b) = 2*b**3 + 7*b**2 + b. Let s(g) = -6*g**3 - 22*g**2 - 2*g. Let t(l) = -7*f(l) - 2*s(l). Let w be t(-3). What is the highest common factor of w and 12?
6
Suppose 0*f = 4*v + 2*f + 420, 5*f - 525 = 5*v. Let h = -21 - v. Let b(d) = -11*d - 1. Let i be b(-2). What is the highest common factor of i and h?
21
Suppose w = -74*m + 73*m + 839, 0 = 3*m + 6. What is the greatest common divisor of w and 29?
29
Suppose 0 = 5*g - 2*q - 2*q - 171, 2*g = 5*q + 65. Suppose 0 = -2*p + 3*p - 490. Let k = p - 175. Calculate the highest common divisor of g and k.
35
Let r be (-2)/(-6) - (-154)/(-66). Let v be -4 + 2872/36 - r/9. What is the greatest common divisor of v and 19?
19
Let r(k) = -k**3 + 10*k**2 - k - 10. Let u be r(10). Let b = u - -20. Suppose 0 = -b*l - l + 90. What is the highest common divisor of l and 36?
18
Suppose -5*k + 438 = n + 33, 1176 = 3*n + 2*k. Calculate the highest common factor of 30 and n.
30
Let n(f) = f**3 + 7*f**2 - 6*f - 10. Let s be n(-7). Calculate the greatest common factor of s and 32.
32
Let g(x) = 10*x - 53. Let f be g(11). Suppose 3*r - 46 - 8 = -3*w, 0 = 4*w + r - f. Let o be -6*(0 + -2) + 1. What is the greatest common factor of o and w?
13
Suppose -19*h + 11*h + 32 = 0. What is the highest common divisor of h and 40?
4
Suppose -296*u + 301*u - 1150 = 0. Calculate the greatest common divisor of u and 10.
10
Let u(m) = 5*m + 62. Let q be (-212)/20 + 8/(-20). Let c be u(q). What is the highest common divisor of 91 and c?
7
Let q(y) = -17*y**3 + y + 2. Let i be q(-1). Suppose -4*r + 736 = 5*m, -3*m + 2*r = -0*r - 424. What is the greatest common divisor of m and i?
18
Let x be (1 + 0 - -14)*1. Suppose 78*p - 9 = 75*p. Suppose 42 = 4*s + s + 4*z, p*s - z = 15. What is the highest common divisor of s and x?
3
Let b(a) = 2 - 7 + 8 - a. Let g be b(2). What is the greatest common divisor of 4 and g?
1
Let c(k) = k**3 + 7*k**2 - 9*k + 21. Let u be c(-8). Let s = 21 - 38. Let o = s + u. Calculate the greatest common factor of o and 30.
6
Let s = 17 + 20. What is the greatest common factor of 407 and s?
37
Suppose 3*t = 4*g - 0*g + 145, 3*g = t - 55. Let h = -37 + t. Let m = -7 - -25. What is the highest common factor of m and h?
6
Suppose -14 = -6*u + 4*u. Let g = -85 + 14. Let h = -50 - g. What is the highest common factor of u and h?
7
Let u be (-5 + 8 - 7) + 25. Calculate the highest common factor of 1113 and u.
21
Suppose 4*s - 659 = v, -4*s - v = -843 + 182. Calculate the highest common divisor of s and 286.
11
Let m be 392/10 - (-268)/335. Let a(u) = u**2 + 7*u + 4. Let n be a(-7). Let b be (5*-2)/((-2)/n). Calculate the greatest common factor of b and m.
20
Let i be (-3 + 3)/(-6) + 189. What is the highest common factor of i and 252?
63
Let o be (-1 + 0)*(-6 - 17). Suppose o*l + 195 = 24*l. Suppose -5*z = -5*b - 4*z + l, 2*z + 150 = 4*b. Calculate the greatest common divisor of 8 and b.
8
Let a(y) = -y**2 - 10*y. Let o be a(-10). Suppose o = -5*s + s - k + 71, 3*s - 5*k = 59. What is the highest common divisor of s and 54?
18
Suppose 363*t - 327*t - 180 = 0. Calculate the greatest common factor of 955 and t.
5
Let j = 127 + -85. Let g = -23 - -29. What is the greatest common divisor of g and j?
6
Suppose 2578 = -62*d + 63*d + w, -5*d + 12899 = 2*w. Calculate the greatest common divisor of 29 and d.
29
Let b = -275 + 375. What is the highest common factor of b and 160?
20
Let i = 264 + -234. Calculate the highest common factor of 80 and i.
10
Suppose 0 = 33*x - 22*x - 407. Calculate the greatest common factor of x and 481.
37
Let r = 55 - 267. Let c = -142 - r. What is the greatest common divisor of 14 and c?
14
Let t be -25 + 34 - 2/(-4)*-10. Let j be (0/1)/(-3) + 0. Suppose -h - 2*h + 124 = 4*r, -t*r + 2*h + 104 = j. What is the highest common factor of r and 4?
4
Suppose -4*p + 90 = -2*c, 4*c = -4*p + c + 65. Let i = -105 - -167. Let u = 112 - i. Calculate the greatest common factor of p and u.
10
Let w = 25 - 16. Let y be w - (4 + 3 + -3). Calculate the greatest common divisor of 30 and y.
5
Let t = -492 - -663. What is the greatest common factor of 45 and t?
9
Suppose 12*t - 25*t + 234 = 0. Suppose 2*d = -4*l + 20, -2*l + 20 = -6*d + 2*d. Suppose n - t = -l. What is the greatest common divisor of n and 84?
12
Suppose 0 = -8*c - 295 + 1159. What is the greatest common divisor of c and 4?
4
Let f be 5 - 30*(-5)/10. What is the greatest common divisor of 860 and f?
20
Let i = 38 - 33. Let b be -2*(10/4)/i. Let u be -16 - -16 - (b + -3). What is the highest common factor of u and 44?
4
Let q(j) = -j**3 + 5*j**2 + 2*j - 8. Let y be q(-4). Let v = y - 18. What is the